 - -1) + 2. Let k = a - 17. Let z = -3 - k. What is the units digit of z?
9
Suppose 6*f - 3*j = f + 340, 3*f = 2*j + 204. What is the tens digit of f?
6
Let w(y) = -2*y - 3. Let v be w(-2). Suppose -2 = -r - v. Let u(b) = 4*b**3 + b**2 - b. What is the units digit of u(r)?
4
Suppose -360 = -5*p - 4*c + 9*c, 0 = 3*p - 5*c - 218. What is the units digit of p?
1
Let z be 2 - (1 - 2)*1. Let j(y) = 2*y**2 + y**z - 8*y - 3*y**2 + 8 - 5*y**2. What is the units digit of j(7)?
1
Let h(k) = -k**3 - 6*k**2 + 12*k + 3. Let s be h(-9). Suppose -32 = -q - 4*u, 2*u + s = -q + 4*q. What is the tens digit of q?
4
What is the tens digit of (2 - -1)*(-96)/(-9)?
3
Let q = 5 - 4. What is the units digit of ((-4)/3)/(q/(-3))?
4
Suppose 3*n = 7 - 19, 167 = 3*u - 2*n. Suppose 0 = -5*y - 2*j + u + 5, -y = -j - 13. What is the tens digit of y?
1
Suppose 1 = y + 11. Let k be (y/(-4))/((-2)/(-20)). Let n = k + -11. What is the units digit of n?
4
Suppose -z = z + 42. Let m = z + 34. What is the tens digit of m?
1
Let u be ((-10)/(-15))/((-2)/6). What is the tens digit of (1/u)/((-3)/90)?
1
Suppose -16 + 61 = -3*b. Let w = b - -20. What is the units digit of w?
5
Suppose s + 15 = -a + 3, -4*s - 2*a = 40. What is the units digit of s/1*3/(-6)?
4
Let x(i) = 9*i - 13. What is the tens digit of x(7)?
5
Suppose -2*m = -6*m + 8. Suppose c + 21 = -2*r, -c + 19 = -4*r + m*r. What is the units digit of 4/r + 74/10?
7
Let l = -17 + 28. What is the units digit of l?
1
What is the tens digit of ((-153)/(-6))/(-3)*-2?
1
Suppose 2 = 2*y + 4*n - 52, 0 = 4*y - 2*n - 148. What is the units digit of y?
5
Suppose -5*r + 3*l = -2 - 15, 0 = 5*r + 2*l + 3. What is the units digit of -1*(-8 - (4 - r))?
1
Suppose 3*r - 8*r + 215 = 5*t, -5*r = -2*t - 222. Let w = -4 + 4. Suppose w = 4*f - 0*f - r. What is the tens digit of f?
1
Suppose 4*w - 3 - 5 = 0. Let x be ((-2)/(-4))/((-1)/w). What is the units digit of (-2 + x)*(-1)/3?
1
Suppose -13 = -c - 4*y, 5*c + 35 = 6*y - y. What is the units digit of c/(((-63)/(-12))/(-7))?
4
Let h = 117 - 61. What is the units digit of h?
6
Let u = 45 + -29. What is the tens digit of u?
1
Suppose -7*o + 2*o - 20 = 0. Let t = 5 - o. What is the units digit of t?
9
Let n(o) = 187*o + 1. Let c be n(1). Let q be (-3)/6 - c/8. What is the units digit of (q/9)/((-4)/18)?
2
Suppose 7*u - 238 = 868. What is the tens digit of u?
5
Let p(i) = -i**3 + 4*i**2 - 2*i - 1. Let a be p(3). Let v be 1*a - 5/(-5). Suppose -1 = -v*k + 2. What is the units digit of k?
1
Suppose -m + 3*m = 0. Let g = m - -3. Let k = 5 - g. What is the units digit of k?
2
Let p(r) = r**2 - r + 25. Let l be p(0). Suppose -5*w = -l, 0 + 2 = c - w. What is the units digit of c?
7
Let w(p) = 2*p**2 - p. Let r(s) = -s**3 - 9*s**2 - 8*s + 3. Let o be r(-8). Let k be w(o). Suppose k = -3*g + 54. What is the units digit of g?
3
Suppose 3*g = 3*c - 8*c + 409, -c = 3*g - 89. Suppose 20 = 4*i + 4*o - c, -4*o - 96 = -3*i. What is the tens digit of i?
2
Let j(v) = 16*v - 9. What is the tens digit of j(5)?
7
Let h be 0/(-2) + 180/2. Suppose -3*o - 33 = -h. What is the tens digit of o?
1
Let i be 8/12*(18 + 0). Suppose c - i = -2*q, -5 = 3*q - 14. What is the units digit of c?
6
Let l = -26 - -53. What is the units digit of l?
7
Let m(o) = -o + 10. Let y be m(9). Let u(v) = 2*v**2 - 2*v + 1. Let l be u(y). What is the units digit of (-2)/l*(-6)/3?
4
Let g(n) = 16*n + 1. Let w be g(1). Let i = w + -8. What is the units digit of i?
9
Let t(b) = -b**2 - 12*b - 5. Let s be t(-11). Suppose -3*y + 2*j = -38, s*y - 2*y + 2*j - 60 = 0. What is the tens digit of y?
1
Let z = -7 - -1. Let h be z/(2 - 5) - -1. Suppose -4*l = 2*k - 0*k + 8, 28 = 4*k - h*l. What is the units digit of k?
4
What is the tens digit of (3 + 2)/(-5)*-193?
9
What is the tens digit of (5 + -57)*1/(-4)?
1
Let t(z) = z**3 - 5*z**2 + z - 6. Let q be t(5). What is the tens digit of (0 + -5)/q*3?
1
Let r(s) = -16*s**3 - s - 1. Let l be r(-1). Suppose 0*a - 4*a = -l. What is the units digit of 5/(-10) + 38/a?
9
Suppose 0 = -0*x - 7*x - 56. Let p(m) = -8*m + 7*m**2 - m**3 + 9 + 2*m**3 - m. What is the units digit of p(x)?
7
Suppose -5*l + 3*l = -3*c - 9, -3 = -3*l + c. Let j(m) be the second derivative of m**4/12 - m**3/6 + 10*m**2 + 2*m. What is the units digit of j(l)?
0
Let k(s) = s**2 - 3*s + 12. What is the units digit of k(7)?
0
What is the units digit of -12*(9/2)/(-3)?
8
Suppose 4 = 4*o - 12. Suppose 7 = 4*f - v, -f + 3*v = o*f. What is the units digit of f?
3
Let u = 0 - 2. What is the units digit of ((-20)/6)/(u/6)?
0
Let f(k) = -k**2 + 9*k - 4. What is the tens digit of f(7)?
1
Let d(h) = h**3 - 6*h**2 + 9*h - 5. What is the tens digit of d(6)?
4
Let i = 5 - -2. Suppose -5 - 5 = -2*j + 4*p, 0 = j - 4*p - i. What is the units digit of j?
3
Let n(o) = o**2 - 16*o + 19. Let v be n(15). What is the units digit of 24*v/8*2?
4
Suppose 0*x - 4*x + 4*k = -4, 4*x = -3*k + 11. Suppose 1 = x*l - 25. What is the units digit of l?
3
Suppose 0*y - 4*y = -4*t + 652, -2*y = t - 154. What is the units digit of t?
0
Suppose -3*w = -5*w + 10. Suppose o + 0 = w. What is the units digit of o?
5
Let r be (2/4)/(5/50). Suppose 6*i - 2 = r*i. What is the units digit of i?
2
Suppose 306*o - 72 = 302*o. What is the units digit of o?
8
Let d(j) = -13*j + 1. Suppose 4*x = 3*x - 3. Let a be d(x). Suppose 0*c + 4*c = 2*l - 22, 4*l - a = 4*c. What is the units digit of l?
9
Suppose -u + 3*m - 12 = -0*u, m = 5*u - 10. Suppose d - 4*o - 150 = -4*d, 5*o = -u*d + 53. What is the tens digit of d?
2
Let b(n) = 2*n**2 - 2*n - 2. Let w be b(2). Suppose 6 = -w*u + 4*j, 4*u - 5*j + 6 = -6. What is the units digit of (4/6)/((-1)/u)?
2
Suppose -2*l = 3*s + 3*l + 25, 2*s + 15 = -3*l. Suppose s = 4*x - 3 - 17. What is the units digit of x?
5
What is the tens digit of (12/(-36))/(1/(-33))?
1
Suppose 3*w = 7 + 5. Suppose -y - 2 = -w. Suppose -y*m - 59 = -5*i - 5*m, 4*m = -2*i + 32. What is the tens digit of i?
1
Suppose -i - 3*f + 1101 = 4*i, 3*i = -5*f + 667. What is the hundreds digit of i?
2
Let l(t) = 2*t**3 - 2*t**2 - 3*t + 2. Let a(u) be the second derivative of u**4/12 + 2*u**3/3 + u**2 - 4*u. Let k be a(-4). What is the units digit of l(k)?
4
Suppose 5*a + 0*o - 3*o = 338, 4*a - o - 269 = 0. What is the units digit of a?
7
Let h(b) = -b**3 + 4*b**2 + b. Let q be h(3). Let w be ((-3)/(-4))/((-2)/8). What is the units digit of (-7)/w - 4/q?
2
Let y(g) = -6*g + 2. Let o(l) = l. Let c(p) = -5*o(p) - y(p). What is the units digit of c(6)?
4
Suppose -o = 4*o - 190. What is the tens digit of o?
3
Let v(u) = -u - 1. Let z be -15*(-2 - (-10)/6). Let f = z + -7. What is the units digit of v(f)?
1
What is the tens digit of (-8)/(-4) + -6 + 2 - -138?
3
Let f(u) = u**2 - 46. Let z be f(0). Let k = 89 + z. What is the tens digit of k?
4
Let x be -2*7/((-28)/256). Suppose u + 132 = 5*u - 4*p, 4*u - 2*p = x. What is the units digit of u?
1
Let r(a) = -a + 12. Let v be r(9). Suppose 27 = v*d + 9. What is the tens digit of (15/2)/(d/8)?
1
Let d be (-35)/(-5)*8/14. Suppose -2*y = d*w - 5*w + 26, 0 = -4*w - 4*y + 56. What is the units digit of w?
8
Let k = 31 + 40. Suppose -3*h - 4*m + 181 = 0, -k = 4*h - 3*m - 329. What is the units digit of ((-4)/6)/((-6)/h)?
7
Suppose -3*f - 121 = -4*t - 6*f, -2*t - 3*f = -59. Let q be -1*t*(0 + -1). Suppose q = 2*a + v - 6*v, 4*a - v = 35. What is the units digit of a?
8
Suppose -5*z + 3*z = -2. What is the units digit of z?
1
Let j(u) = u**3 - 3*u**2 + u + 2. Let b be j(2). Let r(z) = 0*z - 8 + b*z + 2*z. What is the units digit of r(6)?
4
Suppose -3*v - 4*f = 29, 2*v = f + f - 10. Let h(t) = 2*t**2 + t - 4. Let s be h(-3). Let u = s + v. What is the units digit of u?
4
Let y(a) = 3*a**2 + a. Let k be y(-1). Suppose -5*j - 26 + k = -3*h, 3*h = j + 12. Let f = -2 + h. What is the units digit of f?
1
Let m = 12 - -3. What is the units digit of m?
5
Suppose -2*c - 3*f + 2 = -4, c = -5*f + 10. Suppose 2*p + 2*p - 24 = c. Let k = 9 - p. What is the units digit of k?
3
Suppose 3*w + 2248 = 11*w. What is the units digit of w?
1
Suppose 0 = -s - 2*s + 228. What is the tens digit of s?
7
Let o(i) be the second derivative of -i**4/24 + 7*i**3/6 + i**2 + i. Let s(c) be the first derivative of o(c). What is the units digit of s(5)?
2
Let x(r) = -r**3 - 6*r**2 - 5*r + 6. Let o be